 Let z(k) be the second derivative of -k**6/360 + k**5/120 + k**4/8 - k**3/6 - k. Let l(g) be the second derivative of z(g). Determine l(u).
3
Let i(k) = -k**2 + k + 26. Let f(y) = y**2 - 14*y - 120. Let w be f(20). What is i(w)?
26
Let l(f) = f**2 - f + 8. Suppose 78 = 6*o + 7*o. Determine l(o).
38
Let y(v) = -v**3 + 2*v**2. Let t(z) = z**3 - 3*z**2 - 6. Let q(w) = -t(w) - 2*y(w). What is q(0)?
6
Let y(r) = r**2 + 2*r - 5. Let w(i) = -i**2 - 2*i + 5. Let b(s) = -2*s**2 - 31*s + 13. Let p be b(-16). Let t(v) = p*w(v) - 4*y(v). What is t(-6)?
-19
Suppose -2*p + 8 = -3*k + 5*k, 5*p - k - 20 = 0. Let j(t) = -p - 28*t + 4 + 29*t. Let f be (-2 - -3)/(5/10). Determine j(f).
2
Let z(j) be the first derivative of -j**3/6 + 3*j**2 + j - 2. Let d(w) be the first derivative of z(w). Let f = -32 - -37. Calculate d(f).
1
Suppose -25 = -2*z - 9. Let t(o) = z*o + 8 + 0*o - 7*o. What is t(0)?
8
Let b(v) = -v**2 + 6*v - 2. Let n = -4 + -1. Let j be 3/(n - (3 - 9)). What is b(j)?
7
Let l(u) be the first derivative of u**4/4 + 4*u**3/3 + u + 454. Let f = 1 + -4. Calculate l(f).
10
Let k be 8*((-18)/3 - (-26)/4). Let d(l) = 6*l**2 - 4*l - 3. Give d(k).
77
Let g(x) = 517*x - 1036*x + 518*x - 10. Calculate g(-3).
-7
Let s(v) = 7 - 2 + 2*v + 0. Suppose -3*t = -3*d + d - 2, 3*d - t = 11. Suppose -2*g - 1 = -d*j - 13, g + 2*j + 12 = 0. Calculate s(g).
-3
Let p(h) = -h + 4. Let a be (1*-3)/(21/(-98)). Let r be (16/(-2))/(a/(-35)). Suppose -5*c - 2*t = -r, -c - 6 + 22 = -2*t. Determine p(c).
-2
Let l(f) be the second derivative of f**4/12 - f**3/3 + f**2/2 - 7*f. Let z be l(1). Let c(t) = 11*t**2 - 4*t - 1 + z + 6*t - t**2. Calculate c(1).
11
Let y(q) = q + 6. Let k = -23 - -23. Suppose -3*r = 2*g + 33, -4*g - g - 3*r - 69 = k. Let d = g + 12. Give y(d).
6
Let n(q) = 2*q**2 - 57*q + 62. Let j(x) = -x**2 + 30*x - 30. Let u(v) = -7*j(v) - 4*n(v). Calculate u(16).
-6
Let n(s) = s**2 + 5*s + 5. Suppose -52 - 16 = 17*q. Give n(q).
1
Let t(c) be the third derivative of 0 + 0*c - 1/60*c**5 + 5*c**2 - 1/6*c**4 + 0*c**3 - 1/720*c**6. Let x(o) be the second derivative of t(o). Give x(-2).
0
Let k(s) = -31*s + 8. Let d(a) = -24*a + 8. Let m(u) = 4*d(u) - 3*k(u). Determine m(11).
-25
Let w(l) be the second derivative of l**4/12 - 3*l**3/2 + 3*l**2/2 + 338*l. Let y be 1/(-3) + 37/3. Suppose 4 - y = -t. Calculate w(t).
-5
Let r(z) be the third derivative of -z**6/120 + z**5/10 + z**4/3 + 180*z**2. Determine r(7).
7
Let t = 169/8 - 167/8. Let u(x) be the third derivative of -4*x**2 + 1/120*x**6 + 0 - 1/10*x**5 - 2/3*x**3 + 0*x + t*x**4. Calculate u(4).
-12
Let b(s) = -s**2 - 5*s - 8. Let n(k) = k + 7. Let g be n(-13). Calculate b(g).
-14
Let a(o) = o**3 - 3*o**2 - 3*o + 2. Suppose -6*u + 2*u = 0. Suppose 8 = -2*k - u. Let z = 0 - k. Give a(z).
6
Let m(k) = k + 47 - 204 + 140. Calculate m(14).
-3
Let z(o) be the second derivative of -2*o**3/3 - 3*o**2/2 - 2*o. Suppose 21 = 2*g - h + 23, -g + 2*h + 2 = 0. What is z(g)?
5
Let j(f) = -3*f - 9. Suppose -82*d - 24 = -78*d. Give j(d).
9
Let u(a) = -a**2 - 16*a - 7. Let r(v) = -4*v**2 - 66*v - 27. Let y(i) = 2*r(i) - 9*u(i). Determine y(-12).
9
Let f(c) = -6*c**2 + 10*c + 3. Let l(s) = s**2. Let i(a) = -4*a**2 - a - 1. Let b(z) = -i(z) - 5*l(z). Let j(u) = -5*b(u) + f(u). Let w = -88 - -91. Give j(w).
4
Let q(c) be the third derivative of 7*c**6/360 - c**5/120 - c**4/24 + c**3/3 - 34*c**2. Let h(p) be the first derivative of q(p). Calculate h(-1).
7
Let x(k) = -3*k + 4. Let y(g) = 2*g - 14. Let j(f) = -f - 1. Let d(i) = 5*j(i) - y(i). Let l(b) = 2*d(b) - 5*x(b). Give l(0).
-2
Let c(f) be the third derivative of -f**6/120 - f**5/15 + f**4/6 - 7*f**3/6 - 8*f**2. Let y be 440/(-28) + 4/(-14). Let v = 11 + y. Give c(v).
-2
Let c(i) = -8*i - 1. Let d(p) = -p**2 + 6*p + 214. Let a be d(18). Calculate c(a).
15
Let f = -238 - -240. Suppose -2*n = f*o - 0*o, -6 = 2*o + 4*n. Let a(t) = 2*t**2 - t**3 + 3 + 0*t**2 - 4*t + 2*t**2. Calculate a(o).
0
Let p(c) be the first derivative of -21 + 1/3*c**3 - 5/2*c**2 - 3*c. Determine p(5).
-3
Suppose -4*t + 11 = 5*k + 1, 2*t + 22 = 2*k. Let o(b) = -12*b + 5*b - b**2 + k*b + 4*b + 1. Give o(2).
3
Let b = 229 - 228. Let w(z) = -3*z - 7*z + 0*z. Give w(b).
-10
Let a(z) = -z**2 + 10*z + 16. Suppose -23*y + 24*y = 11. Calculate a(y).
5
Let i(q) = q**2 - 7*q - 7. Let d(w) = w**3 + 10*w**2 - 26*w - 17. Let o be d(-12). Give i(o).
-7
Let y(s) be the third derivative of -s**6/180 + s**5/24 - s**4/12 + 3*s**3 + 28*s**2. Let m(u) be the first derivative of y(u). Give m(3).
-5
Let p(q) be the first derivative of q**4/4 - 8*q**3/3 + 5*q**2/2 + 8*q + 8. Calculate p(7).
-6
Let t(w) be the second derivative of w**6/720 - 7*w**5/120 + 5*w**4/4 - w. Let s(d) be the third derivative of t(d). Determine s(0).
-7
Suppose -3*o = 4*l + 7, 3*l = -5*o - 12 + 15. Let q(j) = 4*j - 10. Determine q(o).
2
Let s(r) be the second derivative of r**5/120 - 7*r**4/24 + 3*r**3/2 - 12*r. Let c(v) be the second derivative of s(v). Let i be (-30)/(-4)*4/6. Determine c(i).
-2
Let r(n) = -6*n - 6. Let w be -25 + -3 + (5 - 1). Let o be (-45)/12 - (-6)/w. Calculate r(o).
18
Let t(x) = x + 10. Suppose 0 = 2*u - 0*u + 24. What is t(u)?
-2
Let k(o) be the first derivative of -o**4/12 + 2*o**3/3 + 3*o**2/2 - 13*o + 42. Let w(a) be the first derivative of k(a). Give w(6).
-9
Let q(r) = -r**3 + r**2 - r + 7. Suppose -4*y + y + 6 = 0. Suppose -2*m + y*p = -4, -4*m = -5*m - 5*p - 10. Let z be m*(4 + -4 + 1). What is q(z)?
7
Let x(d) = 27*d - 195. Let m be x(7). Let k(r) = -6*r - 34. Calculate k(m).
2
Let t(y) = 2*y - 1. Let c(j) = 4*j + 99 - 99. Let x be c(1). Calculate t(x).
7
Let j(x) = -4*x. Let r(g) = -g**2 - 18*g + 5. Let q(f) = 3*j(f) - r(f). Calculate q(-6).
-5
Let i = 70 + -68. Let a(y) = -6*y + y + 2 - 1. Calculate a(i).
-9
Let x(m) = m - 8. Suppose 0 = 13*d + 129 - 181. Determine x(d).
-4
Let i = 10 + -7. Let k be (7/(245/20))/(8/28). Let a(h) = -h**3 - 4 - 3 + 6*h + i*h**k + 6 + 7. Determine a(5).
-14
Let y(w) = -5*w - 3. Let c(r) be the third derivative of 0*r + 0 - 1/6*r**3 - 7*r**2. Let t(u) = -c(u) - y(u). Give t(-3).
-11
Let q = -1 + 0. Let f(y) = y**2. Let a(r) = -3 - r**2 + 8*r**2 + 2. Let j(n) = a(n) + 3*f(n). Calculate j(q).
9
Let q(j) be the second derivative of j**5/20 - 7*j**4/12 + 4*j**3/3 - j + 2. Determine q(6).
12
Let z(s) = s**3 - 7*s**2 + 6*s - 6. Let l = -20 + 23. Suppose 0 = -3*b - 6, 2*n + b = -l*b - 20. Let k(g) = g + 12. Let a be k(n). Calculate z(a).
-6
Let l = -28 + 33. Let z(g) = -2*g + 9. Determine z(l).
-1
Suppose -15*n = -10*n + 3*p - 3, 0 = -n - 3*p + 3. Let g(w) be the first derivative of -w**2/2 + 3. What is g(n)?
0
Suppose 3 = o + j, 0 = 4*o + o + 4*j - 20. Suppose a + o = -5*b, -b = -2*a + 4*a + 7. Let u(r) = r**3 + 2*r**2 - 3*r - 2. What is u(a)?
-2
Suppose 2*g - 4 = -2*z, 5*g = -3*z + g + 9. Let q(o) be the first derivative of -2*o**3 - 30 - 1/2*o**2 - o. Give q(z).
-6
Let i(f) = -6*f + 11. Suppose -q - 2*q + 3 = -s, -9 = s - 5*q. Let z(g) = 7*g - 12. Let k(c) = s*i(c) + 5*z(c). Calculate k(0).
6
Let l = 12 - 16. Let x = 6 + l. Let p be 1 + -3 - x/1. Let h(a) = -a**3 - 5*a**2 - 6*a. What is h(p)?
8
Let a be (-6)/8 + (-3)/12. Let h(b) = -7*b + 4*b + 8 - 5 - 4*b. Let o(c) = -15*c + 5. Let v(y) = 5*h(y) - 3*o(y). What is v(a)?
-10
Let h(y) be the third derivative of y**4/24 - 5*y**3/6 + y**2. Let x(l) = l. Let c(f) = -h(f) - 2*x(f). Let q be (-6)/15 - (-54)/10. Determine c(q).
-10
Let k(t) = 15*t + 4. Let b be k(-2). Let n = -18 - b. Let s(r) = 2*r - 2*r + n*r - r - r**2. Calculate s(6).
6
Let m(z) = z**3 - 5*z**2 + 5*z. Let t = -13 + 31. Let w = 62 - 48. Let n = t - w. Give m(n).
4
Let l(a) = -5*a**2 - 15*a - 19. Let v(c) = -2*c**2 - 9 + 0*c**2 - 8*c - 11*c + 12*c. Let y(z) = -3*l(z) + 7*v(z). Give y(6).
6
Suppose -3 - 3 = -6*d. Let p(v) = -v**3 - 3*v**2 + 4*v - 5. Let q(s) = -s**3 + s**2 - s + 1. Let m(a) = d*p(a) + 5*q(a). Let n = 3 - 2. Determine m(n).
-5
Let i(m) be the third derivative of 0*m + 0 + 1/15*m**5 - 1/3*m**3 - 1/360*m**6 + 4*m**2 - 1/12*m**4. Let y(t) be the first derivative of i(t). Calculate y(6).
10
Let i(x) = -21*x - 21*x + 2 - 4 - 20*x + 61*x. Give i(1).
-3
Let x(l) = -75*l - 80. Let q(j) = 86*j + 80. Let b(f) = -6*q(f) - 7*x(f). Give b(-9).
-1
Let n(r) be the third derivative of 11*r**6/120 + 